d). Let h = -9 - x. What is the tens digit of h?
1
Let n be (-20)/8*(0 + -2). Suppose -10 + 3 = -5*y - 3*c, -n*c + 21 = -y. What is the tens digit of -3*y/((-9)/(-30))?
1
Let m(o) = -5*o**2 - 5*o - 3. Let r(y) = 6*y**2 + 6*y + 4. Let t(p) = -4*m(p) - 3*r(p). What is the units digit of t(-3)?
2
Let w(o) = 7*o**2 - 5*o - 8. Let k be w(5). Suppose 4*l = 8, 2*l + 58 = -4*x + k. What is the tens digit of x?
2
Let k = 4 - 1. Let i be (-2)/((-1)/(k/2)). What is the tens digit of 98/8 + i/(-12)?
1
Suppose 4*w = 9 + 7. Suppose -2*f = -0 - w. Suppose f*k + 14 - 42 = 0. What is the units digit of k?
4
Suppose -72 = 6*o - 3*o. Let q = -11 - o. What is the units digit of q?
3
Let d(i) = 58*i**2. What is the tens digit of d(-1)?
5
Suppose -11 = -m - 0*m + 4*s, m = 5*s + 13. Suppose 0 - 9 = -m*o. What is the units digit of o?
3
Suppose 93 - 299 = -2*b. What is the units digit of b?
3
Suppose -149 = d - 477. What is the tens digit of d?
2
Suppose -3*b = -5*b. Let k(x) = x + 1. What is the units digit of k(b)?
1
Let g(t) = 5*t. Suppose 5*i - 7 = -2. Let r be g(i). What is the units digit of ((-16)/5)/((-2)/r)?
8
Let w = -6 - -42. What is the units digit of w?
6
Suppose 4 = -4*l + 8*l + 2*b, 3*l + 3*b + 3 = 0. Suppose -l = -2*v + 5. Let a = 10 - v. What is the units digit of a?
6
Suppose 2*u = -0*u + 6. Suppose -2 = -u*l + 16. What is the units digit of l?
6
What is the units digit of (2 + 1)/((-5)/(-5))?
3
Suppose -2 = m - 4. Let a be 1*((m - 1) + -1). Suppose a = 4*q - 9 - 23. What is the units digit of q?
8
Let i(h) = h + 5. Let z be i(-4). Let a be 1 + 1 + (11 - z). Let y = a + -5. What is the units digit of y?
7
Let u(i) = i**3 - 9*i**2 - 3*i. Let y(s) = s**3 - 10*s**2 - 4*s. Let v(r) = 5*u(r) - 4*y(r). What is the units digit of v(5)?
5
Let f be 8/24*237*-1. Let b = f - -115. What is the tens digit of b?
3
Let u = 8 + -6. Let d = u - 5. What is the units digit of -6*1/(d - -1)?
3
Let u = -127 + 287. What is the tens digit of u?
6
Suppose 4059 - 517 = 22*s. What is the units digit of s?
1
Let h(k) = -6*k**3 + k**2 + 2*k + 1. Let s be h(-1). Suppose -2*c + 39 = p - s*c, -c + 52 = 3*p. What is the tens digit of p?
1
Let z(c) = -c**2 - 4*c + 2. What is the units digit of z(-3)?
5
Let r(t) = t**2 - 5*t + 5. Let u be r(5). Suppose k - u*i - 7 = 0, 0 = 3*k + 4*i - 6 - 72. What is the tens digit of k?
2
Suppose -4*l - 3*j + 20 = 2*j, -20 = -l - 5*j. Suppose l = g - 6*g + 20. Suppose -2*o + g = -o. What is the units digit of o?
4
Suppose -a = 3*a - 8. Suppose -2*v = a*v - 20. Suppose -v*o + 46 = -4*h, -3*o + 34 = -0*o - 4*h. What is the units digit of o?
6
Suppose 0 = -0*w + w - 35. Let c = -15 + w. Suppose -v + z + 0*z = -4, 0 = -5*v + 2*z + c. What is the units digit of v?
4
Let i = 4 + -4. Suppose -3 = y, i*j + j - 30 = 2*y. What is the units digit of j?
4
Let n(z) be the third derivative of z**5/30 + z**4/4 - 13*z**3/6 + 2*z**2. What is the tens digit of n(-6)?
2
Let g be -4*(-1 + 2) - -2. What is the units digit of (28/35)/(g/(-20))?
8
Suppose z - 75 = -4*z. What is the units digit of z?
5
Let l(y) = -y**2 + 7*y - 7. Suppose -b - 4 = -2*f - 1, -5*b + 41 = 4*f. Let u be l(b). What is the units digit of ((-4)/u)/(6/(-27))?
6
Let v = -9 - -5. What is the units digit of 12/((-2)/(v/3))?
8
Suppose 2*o + 3 + 1 = 0, -o = -2*s + 38. What is the tens digit of s?
1
Let g(u) be the third derivative of u**5/60 + 7*u**4/24 + 5*u**3/3 - 2*u**2. What is the units digit of g(-7)?
0
Let z(y) = y + 1. Let v be z(3). Suppose -v*s = -26 - 2. What is the units digit of s?
7
Let x(q) = -q + 7. Let w be x(9). Let y be ((-40)/(-12))/(w/(-6)). Suppose -5*b = -y - 10. What is the units digit of b?
4
Let o(k) be the third derivative of -k**4/4 - k**3 - 7*k**2. What is the tens digit of o(-4)?
1
Suppose w + 3*w + 24 = 0. What is the tens digit of 56/w*12/(-8)?
1
Let o = 285 + -201. What is the units digit of o?
4
Let t = -6 - -5. What is the tens digit of -13*(t - (3 - 2))?
2
Let k be (-2 - 0) + -1 - 0. What is the units digit of (24/10)/(k/(-10))?
8
Let u(c) = c - 1. Let h be u(5). Let f = -18 + 26. Suppose -3*x + h*x - f = 0. What is the units digit of x?
8
Suppose 3*f - 7 = 11. Suppose 0*a + f = -3*a. What is the units digit of (-17)/a + (-1)/2?
8
Let r(w) = 5*w - 1. Suppose 3*g - 12 = -3*j, -4*g - 28 = -j - 9. What is the units digit of r(j)?
4
Suppose -2*x + 3*c = -6*x + 396, 0 = -x + 5*c + 122. What is the hundreds digit of x?
1
Let t(u) = 6*u**2 - u + 3. What is the hundreds digit of t(-5)?
1
What is the tens digit of (-6)/(-27) - (-439)/9?
4
Let p be -3*(-3 - -2)/3. Let t(y) = 3*y. Let b be t(p). Suppose -b*z = 6 - 39. What is the tens digit of z?
1
What is the units digit of 26/39*(-93)/(-2)?
1
What is the units digit of (52 - 1)/((-7)/56*-12)?
4
What is the tens digit of (0 + 0 - -71)/1?
7
Suppose 2*a + 10 = 4*y + 2, 4 = -3*y + 4*a. Suppose 6 = g + 2*x, 0 = -2*g - x - y*x + 12. What is the units digit of g?
6
Let w = -1 - -10. What is the units digit of (w/3 - 2) + 5?
6
Suppose 107 = 2*d - n, -5*n - 8 - 59 = -d. What is the tens digit of d?
5
Suppose 2*o + 268 = 3*g + 3*o, -3*g = 4*o - 280. What is the tens digit of g?
8
Suppose o - 10 = -5. Let l be (o - 1) + -3 + 0. Let a = l - -12. What is the units digit of a?
3
What is the hundreds digit of (-2)/(((-2)/(-113))/(-1))?
1
Let n = 24 - 13. Let h = -3 + n. Suppose -2*m = -5*w - 2 - 10, h = -2*m - 5*w. What is the units digit of m?
1
What is the units digit of (62/4)/((-3)/(-30))?
5
Suppose 0 = 5*r + 19 + 1. Let v = -38 - -57. What is the units digit of r/(-10)*(v - -1)?
8
Let x(i) = -i + 1. Let r be x(7). Let g be 2 - (-1 + (1 - r)). What is the units digit of (g + 5)*(5 + 0)?
5
Let d = -25 + 49. Suppose k = -k + d. What is the tens digit of k?
1
Let o be 3/(-6) - (-57)/(-6). What is the units digit of (o/(-20))/(2/52)?
3
Suppose -5*d + d - 3*c - 45 = 0, -4*d + 2*c = 30. Let n = d - -21. Let a = n - 3. What is the units digit of a?
9
Suppose -237 = -34*d + 33*d. What is the hundreds digit of d?
2
Let a be 1 + 1/(2/4). Let q(i) = 3 + a*i - 3*i - i. What is the units digit of q(-3)?
6
Let t(p) = p**3 - 11*p**2 + 10*p + 6. Let y = -10 + 7. Let q(u) = u**3 + 3*u**2 - 3*u + 1. Let k be q(y). What is the units digit of t(k)?
6
Let w be (4 - 4/2)/(-1). What is the units digit of w/8 + (-29)/(-4)?
7
Suppose -4*u = -4*t - 3 + 27, 5*t - u - 26 = 0. Suppose 37 = 2*k - s, -t*k - 2*s = -5*s - 95. Let n = k + 0. What is the tens digit of n?
1
Let a be ((-4)/6)/((-4)/6). Let x(g) = 9*g**2 + 1. What is the tens digit of x(a)?
1
Let n(a) = 15*a**2 + 5*a + 8. Let o be 1 - (2 + 0 + 5). Let s(x) = 7*x**2 + 2*x + 4. Let i(j) = o*n(j) + 13*s(j). What is the units digit of i(4)?
4
Let t(f) = -f**3 - 7*f**2 - 7*f - 10. Let r be -6 + (6/(-2) - -2). What is the units digit of t(r)?
9
Let b = -5 + 130. What is the tens digit of b?
2
Let s be 6/24 + 63/4. What is the units digit of (-62)/(-8) - (-4)/s?
8
Let m = 6 + -6. Let i = 3 - m. Suppose -2*y = 3*v - 42, y = i*v + 1 + 2. What is the units digit of y?
5
Let s(t) = -30*t**2 + 2*t - 2. Let w be s(2). What is the tens digit of w/(-5) + (-10)/(-25)?
2
Let m(x) = x**3 - 3*x**2 + 2*x - 4. Let k be m(3). Let j(z) = z**2 - 3*z - 5. Let q be j(5). Suppose -q*l + 15 = -k*l. What is the units digit of l?
5
Let c = 112 - 13. What is the units digit of c?
9
Let j = 6 + -9. Let v = -8 - j. Let c = v + 21. What is the units digit of c?
6
Suppose -4*z + 52 = -428. What is the hundreds digit of z?
1
Let x = 8 + -3. Suppose -4*a = -x*p - 0*a - 10, -11 = p + a. What is the units digit of -2*(0 - (-15)/p)?
5
Let l = 864 + -587. What is the units digit of l?
7
Let n be 1/(-2) + (-13)/(-2). Let s be (3 - 4) + 4 + -3. Let o = n - s. What is the units digit of o?
6
Suppose 4*q - 1264 = 5*h, 398 = 4*q - 2*h - 866. What is the tens digit of q?
1
Let d(a) = a**2 + 6. Let j be d(0). Let o(h) = -h**3 + 6*h**2 + h + 3. What is the units digit of o(j)?
9
Suppose -3*y + 3*s + 81 = 0, -3*s + 48 = 4*y - 81. Suppose -2*q + 2*i = -y, 0 = -5*q - 3*i + 4*i + 75. What is the units digit of q?
5
Suppose 2*a + 6*a - 448 = 0. What is the units digit of a?
6
Suppose -7*d + 3*d = -5*q + 15, 2*d = 2*q - 4. Suppose -2*i + i + q = -3*c, -4*i - 5*c = 23. Let p = 1 - i. What is the units digit of p?
3
Let i = 177 + -82. What is the tens digit 